{"id":38,"date":"2018-08-30T04:03:55","date_gmt":"2018-08-30T04:03:55","guid":{"rendered":"http:\/\/demo.cmssuperheroes.com\/themeforest\/wp-tekhfixers\/?page_id=38"},"modified":"2023-01-26T19:43:38","modified_gmt":"2023-01-26T16:43:38","slug":"iletisim","status":"publish","type":"page","link":"https:\/\/7-24yolyardimi.com\/?page_id=38","title":{"rendered":"\u0130leti\u015fim"},"content":{"rendered":"<section class=\"wpb-content-wrapper\">[vc_row][vc_column][vc_gmaps link=\u201d#E-8_JTNDaWZyYW1lJTIwc3JjJTNEJTIyaHR0cHMlM0ElMkYlMkZ3d3cuZ29vZ2xlLmNvbSUyRm1hcHMlMkZlbWJlZCUzRnBiJTNEJTIxMW0xNCUyMTFtOCUyMTFtMyUyMTFkMzAxMC4xNDY1MzMwMjI2MTclMjEyZDI4Ljg0MDE5NiUyMTNkNDEuMDIyMDUlMjEzbTIlMjExaTEwMjQlMjEyaTc2OCUyMTRmMTMuMSUyMTNtMyUyMTFtMiUyMTFzMHgxNGNhYTUyYjY2YTJlM2YxJTI1M0EweGJlMTFmNWIyYmIyYTE1NzIlMjEyek55OHlOQ0JGVGlCWlFVdEpUaUJCUThTd1RDQkJTOE9jUThPY0lFeEJVMVRFc0V0RHhMQWdSVXhGUzFSU3hMQkxJRTFGUzBGT3hMQkxJRmxQVENCWlFWSkVTVTBnVTBWU1ZzU3dVOFN3SURJMElGTkJRVlFnU01Td1drMUZWQSUyMTVlMCUyMTNtMiUyMTFzdHIlMjEyc3VzJTIxNHYxNjc0NzQzMzUxNzIxJTIxNW0yJTIxMXN0ciUyMTJzdXMlMjIlMjB3aWR0aCUzRCUyMjYwMCUyMiUyMGhlaWdodCUzRCUyMjQ1MCUyMiUyMHN0eWxlJTNEJTIyYm9yZGVyJTNBMCUzQiUyMiUyMGFsbG93ZnVsbHNjcmVlbiUzRCUyMiUyMiUyMGxvYWRpbmclM0QlMjJsYXp5JTIyJTIwcmVmZXJyZXJwb2xpY3klM0QlMjJuby1yZWZlcnJlci13aGVuLWRvd25ncmFkZSUyMiUzRSUzQyUyRmlmcmFtZSUzRQ==\u201d][\/vc_column][\/vc_row][vc_row css=\u201d.vc_custom_1548669921817{margin-bottom: 51px !important;}\u201d][vc_column][fr_call_to_action title=\u201dDaha fazlas\u0131na m\u0131 ihtiyac\u0131n var?\u201d text=\u201dDaha fazla bilgiye veya yard\u0131ma m\u0131 ihtiyac\u0131n var? 7\/24 <a href=\"https:\/\/7-24yolyardimi.com\/?p=2005\">yol yard\u0131m<\/a> hizmetimiz i\u00e7in bize bir telefon kadar uzaks\u0131n.\u201d button_text=\u201d\u015eimdi Ara\u201d button_link=\u201durl:tel%3A%2B05323909915\u2033 el_class=\u201dstyle2\u2033][\/vc_column][\/vc_row]\n<\/section>","protected":false},"excerpt":{"rendered":"<p>[vc_row][vc_column][vc_gmaps link=\u201d#E-8_JTNDaWZyYW1lJTIwc3JjJTNEJTIyaHR0cHMlM0ElMkYlMkZ3d3cuZ29vZ2xlLmNvbSUyRm1hcHMlMkZlbWJlZCUzRnBiJTNEJTIxMW0xNCUyMTFtOCUyMTFtMyUyMTFkMzAxMC4xNDY1MzMwMjI2MTclMjEyZDI4Ljg0MDE5NiUyMTNkNDEuMDIyMDUlMjEzbTIlMjExaTEwMjQlMjEyaTc2OCUyMTRmMTMuMSUyMTNtMyUyMTFtMiUyMTFzMHgxNGNhYTUyYjY2YTJlM2YxJTI1M0EweGJlMTFmNWIyYmIyYTE1NzIlMjEyek55OHlOQ0JGVGlCWlFVdEpUaUJCUThTd1RDQkJTOE9jUThPY0lFeEJVMVRFc0V0RHhMQWdSVXhGUzFSU3hMQkxJRTFGUzBGT3hMQkxJRmxQVENCWlFWSkVTVTBnVTBWU1ZzU3dVOFN3SURJMElGTkJRVlFnU01Td1drMUZWQSUyMTVlMCUyMTNtMiUyMTFzdHIlMjEyc3VzJTIxNHYxNjc0NzQzMzUxNzIxJTIxNW0yJTIxMXN0ciUyMTJzdXMlMjIlMjB3aWR0aCUzRCUyMjYwMCUyMiUyMGhlaWdodCUzRCUyMjQ1MCUyMiUyMHN0eWxlJTNEJTIyYm9yZGVyJTNBMCUzQiUyMiUyMGFsbG93ZnVsbHNjcmVlbiUzRCUyMiUyMiUyMGxvYWRpbmclM0QlMjJsYXp5JTIyJTIwcmVmZXJyZXJwb2xpY3klM0QlMjJuby1yZWZlcnJlci13aGVuLWRvd25ncmFkZSUyMiUzRSUzQyUyRmlmcmFtZSUzRQ==\u201d][\/vc_column][\/vc_row][vc_row css=\u201d.vc_custom_1548669921817{margin-bottom: 51px !important;}\u201d][vc_column][fr_call_to_action title=\u201dDaha fazlas\u0131na m\u0131 ihtiyac\u0131n var?\u201d text=\u201dDaha fazla bilgiye veya yard\u0131ma m\u0131 ihtiyac\u0131n var? 7\/24 yol yard\u0131m hizmetimiz i\u00e7in bize bir telefon kadar uzaks\u0131n.\u201d button_text=\u201d\u015eimdi Ara\u201d button_link=\u201durl:tel%3A%2B05323909915\u2033 el_class=\u201dstyle2\u2033][\/vc_column][\/vc_row]<\/p>\n","protected":false},"author":1,"featured_media":0,"parent":0,"menu_order":0,"comment_status":"closed","ping_status":"closed","template":"","meta":{"footnotes":""},"class_list":["post-38","page","type-page","status-publish","hentry"],"_links":{"self":[{"href":"https:\/\/7-24yolyardimi.com\/index.php?rest_route=\/wp\/v2\/pages\/38","targetHints":{"allow":["GET"]}}],"collection":[{"href":"https:\/\/7-24yolyardimi.com\/index.php?rest_route=\/wp\/v2\/pages"}],"about":[{"href":"https:\/\/7-24yolyardimi.com\/index.php?rest_route=\/wp\/v2\/types\/page"}],"author":[{"embeddable":true,"href":"https:\/\/7-24yolyardimi.com\/index.php?rest_route=\/wp\/v2\/users\/1"}],"replies":[{"embeddable":true,"href":"https:\/\/7-24yolyardimi.com\/index.php?rest_route=%2Fwp%2Fv2%2Fcomments&post=38"}],"version-history":[{"count":0,"href":"https:\/\/7-24yolyardimi.com\/index.php?rest_route=\/wp\/v2\/pages\/38\/revisions"}],"wp:attachment":[{"href":"https:\/\/7-24yolyardimi.com\/index.php?rest_route=%2Fwp%2Fv2%2Fmedia&parent=38"}],"curies":[{"name":"wp","href":"https:\/\/api.w.org\/{rel}","templated":true}]}}