{"id":690,"date":"2018-11-20T08:18:52","date_gmt":"2018-11-20T08:18:52","guid":{"rendered":"http:\/\/demo.cmssuperheroes.com\/themeforest\/wp-tekhfixers\/?page_id=690"},"modified":"2023-01-29T17:06:58","modified_gmt":"2023-01-29T14:06:58","slug":"kurumsal","status":"publish","type":"page","link":"https:\/\/7-24yolyardimi.com\/?page_id=690","title":{"rendered":"Kurumsal"},"content":{"rendered":"<section class=\"wpb-content-wrapper\">[vc_row][vc_column width=\u201d1\/2\u2033 css=\u201d.vc_custom_1548240256561{padding-top: 85px !important;}\u201d][fr_heading cms_template=\u201dfr_heading\u2013layout1.php\u201d title=\u201d15 Dakika i\u00e7erisinde bulundu\u011funuz konuma <a href=\"https:\/\/7-24yolyardimi.com\/?p=2005\">yol yard\u0131m<\/a> hizmeti\u201d sub_title=\u201dProfesyonel 7\/24 Yol Yard\u0131m Hizmetleri\u201d][vc_row_inner cms_row_inner_class=\u201dcolor-87\u2033 css=\u201d.vc_custom_1547524006290{margin-top: 30px !important;}\u201d][vc_column_inner][vc_column_text]Yol \u015fartlar\u0131nda gereken t\u00fcm ar\u0131za, bak\u0131m ve arac\u0131n\u0131z\u0131n servise g\u00f6t\u00fcr\u00fclmesi hizmetlerimiz mevcuttur. Yapman\u0131z gereken acil yol yard\u0131m telefonlar\u0131m\u0131zdan bize ula\u015fman\u0131zd\u0131r. Bulundu\u011funuz yere ivedilikle intikal edip gereken yard\u0131m yap\u0131lacakt\u0131r.[\/vc_column_text][\/vc_column_inner][\/vc_row_inner][vc_row_inner cms_row_inner_class=\u201dcolor-87\u2033 css=\u201d.vc_custom_1547524014771{margin-top: -5px !important;}\u201d][vc_column_inner][vc_column_text]\n<div class=\"autotowing-rich-editor\">\n<p><strong>7-24 <a href=\"https:\/\/7-24yolyardimi.com\/?p=2141\">Yol Yard\u0131m\u0131<\/a><\/strong> arac\u0131m\u0131zda gerekli t\u00fcm cihazlar mevcut olup; <strong>yak\u0131t ikmali<\/strong>, <strong>lastik de\u011fi\u015ftirme<\/strong>, <strong>motor ve beyin testi<\/strong>, <strong>ak\u00fc takviyesi<\/strong>, ve her t\u00fcrl\u00fc ar\u0131za tespiti yap\u0131l\u0131r.<\/p>\n<p><strong>Acil yol yard\u0131m<\/strong>a ihtiya\u00e7 duydu\u011funuzda bizlere <a href=\"http:\/\/+90 532 390 99 15\">+90 532 390 99 15<\/a> numaras\u0131ndan ula\u015fabilirsiniz.<\/p>\n<\/div>\n[\/vc_column_text][\/vc_column_inner][\/vc_row_inner][\/vc_column][vc_column width=\u201d1\/2\u2033 css=\u201d.vc_custom_1548410880587{padding-top: 1px !important;}\u201d el_class=\u201dabsolute-image-left\u201d][vc_single_image image=\u201d1972\u2033 img_size=\u201dfull\u201d alignment=\u201dcenter\u201d][\/vc_column][\/vc_row][vc_row][vc_column][fr_space space_lg=\u201d129\u2033 space_md=\u201d150\u2033 space_sm=\u201d50\u2033][\/vc_column][\/vc_row][vc_row full_width=\u201dstretch_row\u201d cms_row_overflow=\u201doff-overflow\u201d][vc_column width=\u201d1\/2\u2033 css=\u201d.vc_custom_1548411031388{padding-top: 20px !important;}\u201d el_class=\u201dabsolute-image-right\u201d][vc_single_image image=\u201d1977\u2033][\/vc_column][vc_column width=\u201d1\/2\u2033 css=\u201d.vc_custom_1548668925244{margin-top: -4px !important;}\u201d][fr_heading cms_template=\u201dfr_heading\u2013layout1.php\u201d align_lg=\u201dalign-right\u201d align_md=\u201dalign-right-md\u201d align_sm=\u201dalign-right-sm\u201d align_xs=\u201dalign-right-xs\u201d title=\u201dSadece 15 dakika i\u00e7erisinde bulundu\u011funuz konumday\u0131z.\u201d sub_title=\u201dH\u0131zl\u0131 ve G\u00fcvenilir Yard\u0131m\u201d][vc_row_inner cms_row_inner_class=\u201dcolor-87\u2033 cms_row_inner_text_align=\u201dtext-align-right\u201d css=\u201d.vc_custom_1548411097022{margin-top: 32px !important;}\u201d][vc_column_inner][vc_column_text]Yolculuklar s\u0131ras\u0131nda araba kazalar\u0131, ar\u0131zalar veya di\u011fer problemler nedeniyle kar\u015f\u0131la\u015fabilece\u011fimiz beklenmedik durumlar i\u00e7in yol yard\u0131m hizmeti almak olduk\u00e7a \u00f6nemlidir. Bu hizmetler, araba kullan\u0131c\u0131lar\u0131na acil durumlarda h\u0131zl\u0131 ve etkili bir \u00e7\u00f6z\u00fcm sunar.<\/p>\n<p><strong>7\/24 Yol Yard\u0131m<\/strong> olarak, 15 dakika i\u00e7erisinde konuma gelerek yol yard\u0131m hizmeti sunuyoruz. \u0130stanbul Avrupa ve Anadolu b\u00f6lgesinde hizmet veriyoruz. Hizmetlerimiz aras\u0131nda <strong>araba \u00e7ekicisi<\/strong>, <strong>lastik de\u011fi\u015fimi<\/strong>, <strong>ak\u00fc tamiri veya de\u011fi\u015fimi<\/strong>, <strong>motor mekanik hizmeti<\/strong>, <strong>OBD ba\u011flant\u0131s\u0131<\/strong>, <strong>yerinde ar\u0131za tespiti ve periyodik ara\u00e7 bak\u0131m\u0131<\/strong> gibi hizmetler yer almaktad\u0131r.<\/p>\n<p><strong>7\/24 Yol Yard\u0131m<\/strong> olarak, araba kullan\u0131c\u0131lar\u0131n\u0131n acil durumlar\u0131nda endi\u015felenmeden hizmet almalar\u0131n\u0131 sa\u011fl\u0131yoruz. B\u00f6ylece araba kullan\u0131c\u0131lar\u0131 g\u00fcvenli ve huzurlu bir yolculuk yapabilirler. S\u00fcrekli online olarak hizmet veriyoruz ve her zaman araba kullan\u0131c\u0131lar\u0131n\u0131n yan\u0131nday\u0131z ve hizmet vermek i\u00e7in haz\u0131r\u0131z.[\/vc_column_text][\/vc_column_inner][\/vc_row_inner][\/vc_column][\/vc_row][vc_row full_width=\u201dstretch_row\u201d cms_row_class=\u201dbackground-linear-primary\u201d css=\u201d.vc_custom_1548411297501{margin-top: 70px !important;margin-bottom: 70px !important;padding-top: 85px !important;padding-bottom: 97px !important;}\u201d][vc_column][fr_heading cms_template=\u201dfr_heading\u2013layout1.php\u201d align_lg=\u201dalign-center\u201d align_md=\u201dalign-center-md\u201d align_sm=\u201dalign-center-sm\u201d align_xs=\u201dalign-center-xs\u201d title=\u201dH\u0131zl\u0131 ve Kolay 3 A\u015famal\u0131 S\u00fcrecimiz\u201d sub_title=\u201dNas\u0131l \u00c7al\u0131\u015f\u0131yoruz\u201d title_color=\u201d#ffffff\u201d][vc_row_inner css=\u201d.vc_custom_1547533039640{margin-top: 50px !important;}\u201d][vc_column_inner][fr_step steps=\u201d%5B%7B%22icon%22%3A%221136%22%2C%22title%22%3A%22Konum%20Tespiti%22%2C%22content%22%3A%22Arac%C4%B1n%C4%B1z%C4%B1n%20ar%C4%B1za%20verdi%C4%9Fi%2C%20yolda%20kald%C4%B1%C4%9F%C4%B1n%C4%B1z%20durumlarda%20%C3%B6ncelikle%20konum%20tespiti%20yap%C4%B1yoruz%20ve%2015%20dakika%20i%C3%A7erisinde%20bulundu%C4%9Funuz%20konuma%20geliyoruz.%22%7D%2C%7B%22icon%22%3A%221137%22%2C%22title%22%3A%22Ar%C4%B1za%20Tespiti%22%2C%22content%22%3A%22Konumunuza%20ula%C5%9Ft%C4%B1ktan%20sonra%20arac%C4%B1n%C4%B1z%C4%B1%20yol%20yard%C4%B1m%20ekipmanlar%C4%B1m%C4%B1z%20arac%C4%B1l%C4%B1%C4%9F%C4%B1%20ile%20inceliyoruz%20ve%20ar%C4%B1za%20kayna%C4%9F%C4%B1n%C4%B1%20tespit%20ediyoruz.%22%7D%2C%7B%22icon%22%3A%221138%22%2C%22title%22%3A%22%C3%87%C3%B6z%C3%BCml%C3%BCyoruz%22%2C%22content%22%3A%22Arac%C4%B1n%C4%B1zda%20tespit%20edilen%20sorunlar%C4%B1%20yerinde%20tespit%20ettikten%20sonra%20gereken%20aksiyonu%20h%C4%B1zl%C4%B1ca%20al%C4%B1yoruz%20ve%20%C3%A7%C3%B6z%C3%BCml%C3%BCyoruz.%20Yerinde%20tamir%20ediyoruz%20veya%20servise%20kadar%20arac%C4%B1n%C4%B1z%C4%B1%20%C3%A7ekiyoruz.%22%7D%5D\u201d animation=\u201dfadeIn\u201d][\/vc_column_inner][\/vc_row_inner][fr_step][\/vc_column][\/vc_row][vc_row css=\u201d.vc_custom_1548413243634{margin-top: 6px !important;margin-bottom: 100px !important;}\u201d][vc_column width=\u201d1\/2\u2033][fr_button button_text=\u201dAcil Yol Yard\u0131m \u0130\u00e7in T\u0131kla\u201d button_link=\u201durl:tel%3A05323909915\u2033 align_xs=\u201dalign-center-xs\u201d][\/vc_column][\/vc_row][vc_row full_width=\u201dstretch_row\u201d cms_row_class=\u201dbefore-carousel-after\u201d css=\u201d.vc_custom_1548413422387{margin-bottom: 107px !important;padding-top: 6px !important;}\u201d][vc_column][fr_testimonial_carousel testimonial_item=\u201d%5B%7B%22title%22%3A%22Nejla%20Sayan%22%2C%22service%22%3A%22Yol%20Yard%C4%B1m%20Hizmeti%22%2C%22content%22%3A%22Ben%20arkada%C5%9F%C4%B1n%20telefon%20rehberinde%20yol%20yard%C4%B1m%20olarak%20kay%C4%B1tl%C4%B1%20idi%20ordan%20ula%C5%9Ft%C4%B1m%20Murat%20Beye%20ve%20o%20kadar%20%C3%A7ok%20g%C3%BCzel%20ilgilendiki%20%C3%A7ok%20memnun%20kald%C4%B1k%20gecenin%20bir%20vakti%20te%C5%9Fekk%C3%BCr%20ederim%20ilginize%20ger%C3%A7ekten.%20%22%2C%22rating%22%3A%22star5%22%7D%2C%7B%22title%22%3A%22Mustafa%20Haktan%22%2C%22service%22%3A%22Ak%C3%BC%20De%C4%9Fi%C5%9Fimi%20ve%20Ak%C3%BC%20Tamiri%22%2C%22content%22%3A%22Gece%20havaliman%C4%B1%20yak%C4%B1nlar%C4%B1nda%20arac%C4%B1m%20stop%20etti%20ve%20h%C4%B1zl%C4%B1%20bir%20arama%20ger%C3%A7ekle%C5%9Ftirdik.%2010-15%20dakika%20i%C3%A7erisinde%20arac%C4%B1m%C4%B1n%20yan%C4%B1na%20geldiler%20ve%20ar%C4%B1za%20tespiti%20yapt%C4%B1lar%20ve%20ak%C3%BCn%C3%BCn%20bo%C5%9Fald%C4%B1%C4%9F%C4%B1n%C4%B1%20s%C3%B6ylediler.%205%20dakika%20i%C3%A7erisinde%20sorunumu%20%C3%A7%C3%B6zd%C3%BCler%20ve%20yoluma%20devam%20edebildim.%20H%C4%B1zl%C4%B1%20yol%20yard%C4%B1m%20i%C3%A7in%20te%C5%9Fekk%C3%BCrler!%22%2C%22rating%22%3A%22star5%22%7D%2C%7B%22title%22%3A%22Sevda%20T%C3%BCrke%C5%9F%22%2C%22service%22%3A%22Yol%20Yard%C4%B1m%20Hizmeti%22%2C%22content%22%3A%22%C3%B6%C4%9Flen%20vakti%20mecidiyek%C3%B6y%20taraf%C4%B1nda%20arac%C4%B1m%20ar%C4%B1za%20yapt%C4%B1%20yol%20yard%C4%B1m%C4%B1%20arad%C4%B1m%20geldiler%20ve%20arac%C4%B1m%C4%B1n%20sorununu%20%C3%A7%C3%B6zd%C3%BCler%20te%C5%9Fekk%C3%BCr%20ederim%20%C3%B6neriyorum.%22%2C%22rating%22%3A%22star5%22%7D%2C%7B%22title%22%3A%22Salih%20A.%22%2C%22service%22%3A%22Yol%20Yard%C4%B1m%20Hizmeti%22%2C%22content%22%3A%22topkap%C4%B1%20taraf%C4%B1nda%20arac%C4%B1m%20ar%C4%B1za%20yapt%C4%B1%20bi%20arkada%C5%9F%C4%B1mdan%20yol%20yard%C4%B1m%20numaras%C4%B1%20ald%C4%B1m%20k%C4%B1sa%20s%C3%BCrede%20geldiler%20ve%20ar%C4%B1zam%C4%B1%20%C3%A7%C3%B6zd%C3%BCler%20te%C5%9Fekk%C3%BCr%20ederim%20tavsiye%20ediyorum%20%22%2C%22rating%22%3A%22star5%22%7D%2C%7B%22title%22%3A%22Gizem%20Ba%C5%9Far%22%2C%22service%22%3A%22Yol%20Yard%C4%B1m%20Yaz%C4%B1l%C4%B1m%20OBD%20Ba%C4%9Flant%C4%B1s%C4%B1%22%2C%22content%22%3A%22merter%20taraf%C4%B1nda%20arac%C4%B1m%C4%B1n%20ar%C4%B1za%20lambas%C4%B1%20yand%C4%B1%20ve%20istop%20etti%20%C3%A7al%C4%B1%C5%9Ft%C4%B1ramad%C4%B1m%20yol%20yard%C4%B1mdan%20geldiler%20bilgisayar%20ba%C4%9Flant%C4%B1s%C4%B1%20yaparak%20arac%C4%B1m%C4%B1n%20beyinine%20yaz%C4%B1l%C4%B1m%20att%C4%B1lar%20ve%20sorun%20%C3%A7%C3%B6z%C3%BCld%C3%BC%20kesinlikle%20%C3%B6neriyorum%20pahal%C4%B1da%20de%C4%9Filler%20fiyatlar%20%C3%A7ok%20uygun%20%22%2C%22rating%22%3A%22star5%22%7D%5D\u201d col_xs=\u201d1\u2033 col_sm=\u201d1\u2033 col_md=\u201d1\u2033 col_lg=\u201d1\u2033 margin=\u201d50\u2033 loop=\u201dtrue\u201d center=\u201dtrue\u201d stage_padding=\u201d150\u2033 arrows=\u201dtrue\u201d bullets=\u201dtrue\u201d][\/vc_column][\/vc_row]\n<\/section>","protected":false},"excerpt":{"rendered":"<p>[vc_row][vc_column width=\u201d1\/2\u2033 css=\u201d.vc_custom_1548240256561{padding-top: 85px !important;}\u201d][fr_heading cms_template=\u201dfr_heading\u2013layout1.php\u201d title=\u201d15 Dakika i\u00e7erisinde bulundu\u011funuz konuma yol yard\u0131m hizmeti\u201d sub_title=\u201dProfesyonel 7\/24 Yol Yard\u0131m Hizmetleri\u201d][vc_row_inner cms_row_inner_class=\u201dcolor-87\u2033 css=\u201d.vc_custom_1547524006290{margin-top: 30px !important;}\u201d][vc_column_inner][vc_column_text]Yol \u015fartlar\u0131nda gereken t\u00fcm ar\u0131za, bak\u0131m ve arac\u0131n\u0131z\u0131n servise g\u00f6t\u00fcr\u00fclmesi hizmetlerimiz mevcuttur. Yapman\u0131z gereken acil yol yard\u0131m telefonlar\u0131m\u0131zdan bize ula\u015fman\u0131zd\u0131r. Bulundu\u011funuz yere ivedilikle intikal edip gereken yard\u0131m yap\u0131lacakt\u0131r.[\/vc_column_text][\/vc_column_inner][\/vc_row_inner][vc_row_inner cms_row_inner_class=\u201dcolor-87\u2033 css=\u201d.vc_custom_1547524014771{margin-top: -5px !important;}\u201d][vc_column_inner][vc_column_text] 7-24 [&hellip;]<\/p>\n","protected":false},"author":1,"featured_media":1790,"parent":0,"menu_order":0,"comment_status":"closed","ping_status":"closed","template":"","meta":{"footnotes":""},"class_list":["post-690","page","type-page","status-publish","has-post-thumbnail","hentry"],"_links":{"self":[{"href":"https:\/\/7-24yolyardimi.com\/index.php?rest_route=\/wp\/v2\/pages\/690","targetHints":{"allow":["GET"]}}],"collection":[{"href":"https:\/\/7-24yolyardimi.com\/index.php?rest_route=\/wp\/v2\/pages"}],"about":[{"href":"https:\/\/7-24yolyardimi.com\/index.php?rest_route=\/wp\/v2\/types\/page"}],"author":[{"embeddable":true,"href":"https:\/\/7-24yolyardimi.com\/index.php?rest_route=\/wp\/v2\/users\/1"}],"replies":[{"embeddable":true,"href":"https:\/\/7-24yolyardimi.com\/index.php?rest_route=%2Fwp%2Fv2%2Fcomments&post=690"}],"version-history":[{"count":0,"href":"https:\/\/7-24yolyardimi.com\/index.php?rest_route=\/wp\/v2\/pages\/690\/revisions"}],"wp:featuredmedia":[{"embeddable":true,"href":"https:\/\/7-24yolyardimi.com\/index.php?rest_route=\/wp\/v2\/media\/1790"}],"wp:attachment":[{"href":"https:\/\/7-24yolyardimi.com\/index.php?rest_route=%2Fwp%2Fv2%2Fmedia&parent=690"}],"curies":[{"name":"wp","href":"https:\/\/api.w.org\/{rel}","templated":true}]}}